f 6793737?
3
What is the ten millions digit of 11407029?
1
What is the units digit of 1763280?
0
What is the units digit of 2298479?
9
What is the hundreds digit of 51501?
5
What is the ten thousands digit of 413075?
1
What is the hundreds digit of 95665?
6
What is the units digit of 1933407?
7
What is the tens digit of 5209882?
8
What is the units digit of 13697441?
1
What is the ten thousands digit of 2311222?
1
What is the ten thousands digit of 333212?
3
What is the units digit of 245775?
5
What is the units digit of 450227?
7
What is the hundreds digit of 4093542?
5
What is the hundred thousands digit of 3105831?
1
What is the thousands digit of 86615?
6
What is the tens digit of 112349?
4
What is the hundred thousands digit of 1559185?
5
What is the ten thousands digit of 473118?
7
What is the tens digit of 111952?
5
What is the hundred thousands digit of 7462463?
4
What is the hundred thousands digit of 102341?
1
What is the units digit of 300153?
3
What is the hundred thousands digit of 4782771?
7
What is the ten thousands digit of 3174168?
7
What is the ten thousands digit of 1750254?
5
What is the hundreds digit of 113074?
0
What is the tens digit of 782702?
0
What is the hundreds digit of 532408?
4
What is the units digit of 288249?
9
What is the ten thousands digit of 193195?
9
What is the tens digit of 24854602?
0
What is the units digit of 35339987?
7
What is the millions digit of 19324267?
9
What is the ten millions digit of 17483530?
1
What is the ten thousands digit of 18000807?
0
What is the thousands digit of 148425?
8
What is the hundreds digit of 11927746?
7
What is the ten thousands digit of 1360495?
6
What is the thousands digit of 3670491?
0
What is the thousands digit of 9375163?
5
What is the ten thousands digit of 351021?
5
What is the hundred thousands digit of 754253?
7
What is the tens digit of 76787?
8
What is the tens digit of 79757?
5
What is the thousands digit of 2609145?
9
What is the units digit of 11887308?
8
What is the thousands digit of 22120658?
0
What is the thousands digit of 8476490?
6
What is the thousands digit of 10499715?
9
What is the ten thousands digit of 1223023?
2
What is the ten millions digit of 15148339?
1
What is the millions digit of 2293749?
2
What is the units digit of 6686165?
5
What is the ten thousands digit of 6839384?
3
What is the hundreds digit of 3879765?
7
What is the millions digit of 20264121?
0
What is the units digit of 1344066?
6
What is the hundred thousands digit of 647920?
6
What is the millions digit of 22220845?
2
What is the ten thousands digit of 3479729?
7
What is the tens digit of 6862901?
0
What is the tens digit of 5767333?
3
What is the units digit of 30809?
9
What is the units digit of 4364812?
2
What is the tens digit of 695405?
0
What is the units digit of 561842?
2
What is the hundreds digit of 370824?
8
What is the millions digit of 2509497?
2
What is the units digit of 3237739?
9
What is the tens digit of 1675087?
8
What is the units digit of 99115?
5
What is the hundred thousands digit of 179617?
1
What is the units digit of 19701530?
0
What is the hundred thousands digit of 5749791?
7
What is the hundred thousands digit of 871373?
8
What is the ten thousands digit of 7264673?
6
What is the thousands digit of 1125226?
5
What is the units digit of 17683553?
3
What is the units digit of 2692977?
7
What is the thousands digit of 49784?
9
What is the units digit of 101768?
8
What is the hundreds digit of 356115?
1
What is the hundreds digit of 207962?
9
What is the hundred thousands digit of 960750?
9
What is the tens digit of 377774?
7
What is the units digit of 78185?
5
What is the hundreds digit of 3266061?
0
What is the ten thousands digit of 518915?
1
What is the thousands digit of 3734857?
4
What is the ten thousands digit of 202970?
0
What is the tens digit of 8057501?
0
What is the ten thousands digit of 225021?
2
What is the hundreds digit of 275769?
7
What is the thousands digit of 193723?
3
What is the ten thousands digit of 22944440?
4
What is the hundred thousands digit of 5479438?
4
What is the hundreds digit of 6397179?
1
What is the hundred thousands digit of 207670?
2
What is the units digit of 647236?
6
What is the thousands digit of 363256?
3
What is the hundred thousands digit of 174625?
1
What is the ten thousands digit of 70467?
7
What is the tens digit of 323546?
4
What is the units digit of 15624326?
6
What is the hundreds digit of 5420312?
3
What is the units digit of 173738?
8
What is the units digit of 2607442?
2
What is the units digit of 682445?
5
What is the hundred thousands digit of 1129183?
1
What is the ten thousands digit of 140766?
4
What is the tens digit of 98108?
0
What is the hundreds digit of 236524?
5
What is the hundred thousands digit of 30671905?
6
What is the ten thousands digit of 741251?
4
What is the thousands digit of 11677105?
7
What is the ten thousands digit of 669783?
6
What is the thousands digit of 7309874?
9
What is the units digit of 2895502?
2
What is the ten thousands digit of 1626885?
2
What is the units digit of 123725?
5
What is the ten thousands digit of 2152239?
5
What is the ten thousands digit of 297273?
9
What is the hundred thousands digit of 792903?
7
What is the units digit of 621011?
1
What is the ten thousands digit of 7519880?
1
What is the hundred thousands digit of 127339?
1
What is the tens digit of 580637?
3
What is the ten thousands digit of 876172?
7
What is the hundred thousands digit of 2089386?
0
What is the units digit of 162048?
8
What is the hundreds digit of 2967069?
0
What is the ten thousands digit of 1321752?
2
What is the hundreds digit of 226338?
3
What is the thousands digit of 28010077?
0
What is the millions digit of 2931499?
2
What is the thousands digit of 340146?
0
What is the tens digit of 62998?
9
What is the tens digit of 942691?
9
What is the hundreds digit of 478932?
9
What is the thousands digit of 16480994?
0
What is the tens digit of 25167?
6
What is the thousands digit of 11277?
1
What is the hundreds digit of 1267997?
9
What is the thousands digit of 1300448?
0
What is the tens digit of 18105438?
3
What is the millions digit of 34206320?
4
What is the ten thousands digit of 9778075?
7
What is the ten thousands digit of 686292?
8
What is the tens digit of 2947480?
8
What is the tens digit of 9631218?
1
What is the units digit of 25415066?
6
What is the thousands digit of 308932?
8
What is the ten thousands digit of 498151?
9
What is the hundred thousands digit of 1179160?
1
What is the hundreds digit of 17568967?
9
What is the hundreds digit of 2188120?
1
What is the tens digit of 11081918?
1
What is the units digit of 243068?
8
What is the ten thousands digit of 657736?
5
What is the thousands digit of 1167093?
7
What is the units digit of 12226145?
5
What is the hundred thousands digit of 759437?
7
What is the ten millions digit of 12593226?
1
What is the thousands digit of 2057754?
7
What is the thousands digit of 3276969?
6
What is the tens digit of 788800?
0
What is the hundred thousands digit of 5555490?
5
What is the thousands digit of 767032?
7
What is the units digit of 6098753?
3
What is the ten thousands digit of 2980532?
8
What is the thousands digit of 378334?
8
What is the ten thousands digit of 395986?
9
What is the tens digit of 4317841?
4
What is the hundred thousands digit of 27519709?
5
What is the units digit of 11772795?
5
What is the hundreds digit of 5846931?
9
What is the ten thousands digit of 327119?
2
What is the ten millions digit of 14619246?
1
What is the thousands digit of 12604602?
4
What is the thousands digit of 402862?
2
What is the units digit of 7508361?
1
What is the hundred thousands digit of 296581?
2
What is the ten thousands digit of 128462?
2
What is the units digit of 354852?
2
What is the tens digit of 38882408?
0
What is the tens digit of 243989?
8
What is the hundreds digit of 226612?
6
What is the millions digit of 1779962?
1
What is the hundred thousands digit of 571627?
5
What is the hundred thousands digit of 6157624?
1
What is the hundred thousands digit of 3376844?
3
What is the millions digit of 1204448?
1
What is the millions digit of 1780990?
1
What is the tens digit of 366808?
0
What is th